divided by 1732.
1705
What is the remainder when 1194285 is divided by 6489?
309
What is the remainder when 6440755 is divided by 7446?
7411
What is the remainder when 135656 is divided by 574?
192
Calculate the remainder when 222383 is divided by 220.
183
What is the remainder when 27379672 is divided by 3422458?
8
What is the remainder when 557353 is divided by 200?
153
What is the remainder when 278926 is divided by 34153?
5702
Calculate the remainder when 4700896 is divided by 100.
96
Calculate the remainder when 12424107 is divided by 6212047.
13
Calculate the remainder when 12019660 is divided by 30.
10
Calculate the remainder when 2028348 is divided by 507085.
8
What is the remainder when 3484462 is divided by 1742225?
12
Calculate the remainder when 53903 is divided by 748.
47
What is the remainder when 146578 is divided by 2283?
466
Calculate the remainder when 52778 is divided by 5318.
4916
What is the remainder when 1490887 is divided by 14615?
157
Calculate the remainder when 1446807 is divided by 1355.
1022
Calculate the remainder when 66908701 is divided by 7.
6
What is the remainder when 700574 is divided by 70054?
34
Calculate the remainder when 55620175 is divided by 11619.
22
Calculate the remainder when 5485 is divided by 3046.
2439
Calculate the remainder when 379631 is divided by 41.
12
Calculate the remainder when 3721522 is divided by 273.
259
What is the remainder when 152934339 is divided by 38?
33
What is the remainder when 2923639 is divided by 46?
17
What is the remainder when 46308 is divided by 7551?
1002
What is the remainder when 452786864 is divided by 14?
12
Calculate the remainder when 31464554 is divided by 3353.
2
What is the remainder when 1405319 is divided by 2444?
19
What is the remainder when 179266 is divided by 2716?
10
What is the remainder when 6879711 is divided by 3236?
3211
What is the remainder when 86729 is divided by 419?
415
What is the remainder when 41639 is divided by 2328?
2063
What is the remainder when 107242544 is divided by 383009?
24
What is the remainder when 2862477 is divided by 3125?
3102
Calculate the remainder when 575895389 is divided by 345.
344
What is the remainder when 15657422 is divided by 244647?
14
Calculate the remainder when 186720571 is divided by 712.
707
Calculate the remainder when 19661 is divided by 2806.
19
Calculate the remainder when 206399 is divided by 6249.
182
Calculate the remainder when 606976611 is divided by 19.
8
What is the remainder when 1085037 is divided by 1110?
567
Calculate the remainder when 207418 is divided by 2801.
144
What is the remainder when 5698185 is divided by 58?
33
What is the remainder when 93606 is divided by 1249?
1180
Calculate the remainder when 52102 is divided by 4362.
4120
What is the remainder when 27473 is divided by 13116?
1241
What is the remainder when 44334 is divided by 14772?
18
Calculate the remainder when 285532 is divided by 5098.
44
Calculate the remainder when 1968529 is divided by 93.
91
What is the remainder when 350206 is divided by 1225?
1081
Calculate the remainder when 308350 is divided by 153874.
602
What is the remainder when 22815 is divided by 282?
255
Calculate the remainder when 398600 is divided by 3129.
1217
What is the remainder when 3671640 is divided by 33?
27
Calculate the remainder when 2096474 is divided by 210.
44
Calculate the remainder when 2395533 is divided by 25.
8
What is the remainder when 1296387 is divided by 11?
4
What is the remainder when 1678200421 is divided by 1751?
1748
What is the remainder when 101113275 is divided by 7561?
22
What is the remainder when 73508 is divided by 623?
617
What is the remainder when 141392 is divided by 137033?
4359
Calculate the remainder when 215645 is divided by 43129.
0
Calculate the remainder when 172441 is divided by 86193.
55
What is the remainder when 1064982 is divided by 212554?
2212
What is the remainder when 1412230 is divided by 3730?
2290
What is the remainder when 14018 is divided by 649?
389
What is the remainder when 712804 is divided by 1395?
1354
What is the remainder when 324476 is divided by 944?
684
What is the remainder when 396429659 is divided by 30?
29
What is the remainder when 1585174 is divided by 1285?
769
Calculate the remainder when 1727935 is divided by 1727834.
101
What is the remainder when 72610 is divided by 3869?
2968
Calculate the remainder when 675728 is divided by 10393.
183
What is the remainder when 115169037 is divided by 720?
717
Calculate the remainder when 953282 is divided by 63551.
17
What is the remainder when 7471425 is divided by 5925?
0
What is the remainder when 45746 is divided by 45647?
99
What is the remainder when 616146 is divided by 308067?
12
What is the remainder when 12525729 is divided by 220?
29
What is the remainder when 1710139 is divided by 16?
11
What is the remainder when 182035 is divided by 36387?
100
Calculate the remainder when 1563427 is divided by 74448.
19
What is the remainder when 328501 is divided by 108828?
2017
Calculate the remainder when 83154725 is divided by 698779.
24
What is the remainder when 16892 is divided by 5770?
5352
Calculate the remainder when 272497 is divided by 263.
29
Calculate the remainder when 7741841 is divided by 2799.
2606
What is the remainder when 33136 is divided by 16030?
1076
What is the remainder when 17355819 is divided by 1679?
1675
Calculate the remainder when 1975209 is divided by 175.
159
Calculate the remainder when 29331153 is divided by 794.
793
What is the remainder when 260828 is divided by 7903?
29
What is the remainder when 35023204 is divided by 52?
8
Calculate the remainder when 17792498 is divided by 4801.
4793
What is the remainder when 17557712 is divided by 313?
290
What is the remainder when 15495 is divided by 1517?
325
Calculate the remainder when 1141158 is divided by 3386.
76
Calculate the remainder when 47488197 is divided by 75.
72
Calculate the remainder when 133644897 is divided by 915.
912
Calculate the remainder when 638655 is divided by 358.
341
What is the remainder when 6928383 is divided by 3383?
3382
Calculate the remainder when 21853417 is divided by 76.
73
Calculate the remainder when 4576 is divided by 1273.
757
What is the remainder when 14213837 is divided by 7323?
7217
Calculate the remainder when 317499 is divided by 6607.
363
Calculate the remainder when 4871883 is divided by 228.
207
What is the remainder when 171723 is divided by 10585?
2363
What is the remainder when 4935123 is divided by 5206?
5041
Calculate the remainder when 147530 is divided by 366.
32
What is the remainder when 443879 is divided by 764?
759
Calculate the remainder when 6310954 is divided by 403.
377
Calculate the remainder when 4406157 is divided by 338932.
41
What is the remainder when 2826296 is divided by 6?
2
Calculate the remainder when 102554226 is divided by 7108.
2
What is the remainder when 2529073 is divided by 356?
49
What is the remainder when 278343 is divided by 71?
23
What is the remainder when 1272978 is divided by 318227?
70
Calculate the remainder when 1979604 is divided by 11.
0
Calculate the remainder when 57780915 is divided by 1378.
1375
Calculate the remainder when 1771987 is divided by 1958.
1955
Calculate the remainder when 716983 is divided by 895.
88
What is the remainder when 2378928 is divided by 2042?
2040
What is the remainder when 453928 is divided by 5?
3
What is the remainder when 4241202 is divided by 4771?
4554
What is the remainder when 4949793 is divided by 208?
17
Calculate the remainder when 251849 is divided by 91.
52
What is the remainder when 10937093 is divided by 55801?
97
What is the remainder when 6534501 is divided by 16336?
101
What is the remainder when 1839343 is divided by 1916?
1899
What is the remainder when 8169 is divided by 1629?
24
What is the remainder when 123711 is divided by 17662?
77
Calculate the remainder when 449899 is divided by 89956.
119
What is the remainder when 23900 is divided by 11868?
164
What is the remainder when 141556 is divided by 141546?
10
What is the remainder when 28271 is divided by 4672?
239
Calculate the remainder when 32061216 is divided by 17.
15
What is the remainder when 24892 is divided by 3273?
1981
Calculate the remainde